of k.
3
Let h = 66 + -97. Suppose -67 = -z + 8. Let n = z + h. What are the prime factors of n?
2, 11
Let q be (1 + 35)*(-3 - 245/(-15)). Suppose 0 = 3*z - z - q. What are the prime factors of z?
2, 3, 5
Suppose -8*n + 11 = -29. Suppose x = -3*a + 62, 8*a = 3*a + 5*x + 110. Suppose 0 = -n*u + 6*u - a. List the prime factors of u.
3, 7
Let b = -1 + 1. Let n be (-3)/(0 + -1 + 0). What are the prime factors of 3 - -29 - (b + n)?
29
What are the prime factors of (-163432)/(-56) + 2*(-9)/42?
2, 1459
Suppose f - o - 552 = 168, -f = -5*o - 728. What are the prime factors of f?
2, 359
Let f be 1*(-171)/(1 + 2). Let s = f - -90. Let m = 47 - s. What are the prime factors of m?
2, 7
Suppose t + 175 = -4*w + 1255, 4*w = -2*t + 1084. What are the prime factors of w?
269
Let u = -34 + 507. What are the prime factors of u?
11, 43
Suppose 0 = 13*d - 12*d - 3*w - 341, -3*w = -3*d + 1041. List the prime factors of d.
2, 5, 7
Suppose -n = 10*v - 14*v + 1413, -5*v - 5*n = -1760. List the prime factors of v.
353
Suppose 0*g - 3*r = -2*g + 765, 363 = g + 5*r. List the prime factors of g.
2, 3, 7
Let h be (339/6)/((-7)/(-14)). Suppose 7*t - h - 111 = 0. List the prime factors of t.
2
Let z(d) = -33*d**3 + 2*d**2 - 5*d - 4. List the prime factors of z(-3).
2, 5, 23
Let j = -3653 + 8098. List the prime factors of j.
5, 7, 127
Suppose 15*m - 5948 + 473 = 0. List the prime factors of m.
5, 73
Let i(g) = 80*g - 122. List the prime factors of i(34).
2, 3, 433
Let f(i) = -18 + 8*i**2 + 35 - 24. Let a(t) = -17*t**2 - t + 15. Let x(v) = 6*a(v) + 13*f(v). List the prime factors of x(5).
19
List the prime factors of 262/(-4)*(3 - 5 - 2).
2, 131
Let y be 1/((-3)/288*-4). What are the prime factors of (-4)/y*2*1038/(-2)?
173
Let a(h) = 8*h + 200. What are the prime factors of a(-6)?
2, 19
Let m(r) = r - 17. Let v be m(15). List the prime factors of (-3)/v + -7 + 1005/6.
2, 3
Let l(g) = 16*g**2 + 3*g - 19. List the prime factors of l(-6).
7, 11
Let c(z) be the third derivative of -33*z**4/8 + 5*z**3/6 - 6*z**2. List the prime factors of c(-1).
2, 13
Suppose 53*v - 67*v + 5446 = 0. List the prime factors of v.
389
What are the prime factors of 12/15*(1 + (-258)/(-12))?
2, 3
Suppose k - 173 = 65. What are the prime factors of k?
2, 7, 17
Suppose -4*i + 5*j + 162 = 0, j + 4*j = -2*i + 96. Suppose -i - 13 = -8*m. Let w(x) = 2*x + 24. What are the prime factors of w(m)?
2, 19
Let r be ((-6)/10)/(2*(-5)/100). Let g(i) = i**2 - 3. What are the prime factors of g(r)?
3, 11
Let g = 4257 - 2285. What are the prime factors of g?
2, 17, 29
List the prime factors of (80/3)/(144/11016).
2, 3, 5, 17
Suppose 42*j = 88*j - 37122. List the prime factors of j.
3, 269
Suppose -3*n - o = -8040, 0 = 5*n - 4*o + 6*o - 13399. List the prime factors of n.
7, 383
Suppose -4*s - d - 2*d + 211 = 0, s = -4*d + 69. Suppose -72 = k + 2*k. List the prime factors of k/(-14)*s/14.
2, 3
Let p = 1616 - 883. What are the prime factors of p?
733
Let b(x) = 2*x + 26. Let w be b(-13). Suppose -816 = -8*v - w*v. What are the prime factors of v?
2, 3, 17
Let f = -17 + 21. Suppose 378 = f*j - m, 4*m - 10 = 5*j - 488. List the prime factors of j.
2, 47
Suppose -450 = -2*x + 4*f, -5*x + 0*f + 1134 = -f. Let q = x + 45. What are the prime factors of q?
2, 17
Let v(j) be the first derivative of j**4/4 + 4*j**3/3 - 7*j**2/2 - 3. What are the prime factors of v(-3)?
2, 3, 5
Let d = -171 + 192. Suppose 11*i + 3390 = d*i. What are the prime factors of i?
3, 113
Let a = 2703 + -2204. List the prime factors of a.
499
Let t = -242 - -482. What are the prime factors of t?
2, 3, 5
Let m be -3*1/((-9)/(-6)). Let g(z) = -3*z**3 + z**2 - 2*z + 1. What are the prime factors of g(m)?
3, 11
Let m(s) = 11*s - 11. Let h(b) = -56*b + 56. Let r(q) = 2*h(q) + 11*m(q). List the prime factors of r(6).
3, 5
Suppose 10*y - 2821 = 209. List the prime factors of y.
3, 101
Let g be 1104 - (-1)/((-4)/(-4)). Suppose -5*h = -5*t + g, -9*t - 5*h + 449 = -7*t. What are the prime factors of t?
2, 3, 37
Suppose -i + 223 = -4*j, 132*i - 134*i - j + 491 = 0. What are the prime factors of i?
3
Let j(v) = -v**2 + 4*v - 3. Let f be j(4). List the prime factors of 2487/9 + f + (-12)/(-18).
2, 137
Suppose 0 = 4*p - 6*p. Suppose -7*i = -4*i - 15, m - 2*i - 63 = p. Suppose -m = -3*y - 2*d, y - 2*y + d + 21 = 0. List the prime factors of y.
23
Let j(x) = x**3 - 8*x**2 + 13*x - 1. Let d be j(6). Suppose -2*p + 11 = -d. What are the prime factors of p?
2
Let v(r) = 8*r**2 - 10*r + 20. Let u be v(7). Let g = -179 + u. List the prime factors of g.
163
Suppose -4*z = -312 + 60. Let o = 40 + z. What are the prime factors of o?
103
Let d be -3 - (-3 + 7 + -5)*20. Let s = -3 + 5. Suppose -s*g + 19 = -d. List the prime factors of g.
2, 3
Let m(t) = -7*t - 13. Let f(w) = 11*w + 19. Let g(o) = 5*f(o) + 8*m(o). Let y be g(-9). Suppose -2*j + 15 - 7 = y. What are the prime factors of j?
2
Let n = 7 + -2. Suppose 0 = -c + n*c. Suppose 3*s + s - 46 = 2*q, -4*s - 2*q + 58 = c. What are the prime factors of s?
13
Let u(x) = x**3 - 7*x**2 - 8*x - 34. What are the prime factors of u(11)?
2, 181
Let w = -109 - -311. List the prime factors of w.
2, 101
Suppose 0 = -4*j - 2*z + 36, -2*j + 5*z + 0*z + 30 = 0. Let a = j + 0. List the prime factors of a.
2, 5
Suppose 403 = 5*f - 2*t, 257 = -5*f + 3*t + 664. Let h = 41 + f. What are the prime factors of h?
2, 3, 5
What are the prime factors of 1473/4 - (-10)/16*-2?
367
Suppose -6*n + 1983 = -2115. What are the prime factors of n?
683
Suppose 3*c + 3*o - 48 = 0, o + 80 = 5*c + 4*o. Let b(p) = 5 - 4*p - 2*p + p - c. What are the prime factors of b(-8)?
29
Let u(o) = o + 13. Let k(a) = -2*a**3 + a**2 + 1. Let f be k(2). Let b be u(f). Suppose 3*d - 45 = -b*d. What are the prime factors of d?
3
Suppose -4*g = -16, 3*g - 2 = -i + 4. Let x be (-2325)/(-20) - i/8. Suppose -5*u + 4*p = -173, u + 2*p - x = -2*u. What are the prime factors of u?
37
Let n(m) = -m**2 + 10*m + 10. Let h be n(7). Let f = h + -12. List the prime factors of f.
19
Let b(f) = -50*f + 141. What are the prime factors of b(-18)?
3, 347
What are the prime factors of (-2284)/(-20) - (42/10 - 4)?
2, 3, 19
Suppose 5*c - 871 = -4*h, 5 - 20 = -5*c. List the prime factors of h.
2, 107
Let t(d) = d**2 + d - 20. Let f be t(0). Let w be (-8)/(-10) + (-24)/f. Suppose 2*x - w - 38 = 0. What are the prime factors of x?
2, 5
Let m = -743 + 1202. What are the prime factors of m?
3, 17
Let n = 1 + 0. Suppose -f + n = -1. Suppose 0 = -f*d - 7 + 55. What are the prime factors of d?
2, 3
Suppose 824 = 2*a - 50. List the prime factors of a.
19, 23
Let q(j) = -j**3 + 8*j**2 - j - 6. Suppose -6*k + 18 = -24. List the prime factors of q(k).
2, 3
Suppose -63 = -3*i + 2*s + s, 3*i - 55 = -s. Suppose 5*g = 2*u + 32, -3*g - 3 + i = 2*u. List the prime factors of g.
2, 3
Suppose 8*f + 5 = 9*f. Suppose 2*v - 2*i = 4*v - 280, 720 = f*v + i. List the prime factors of v.
5, 29
Suppose -4*q = -q - 60. Suppose -7*r = -2*r + q. Let i(w) = -5*w - 1. List the prime factors of i(r).
19
Let o(x) = x - 2. Let i be o(2). Suppose i = 8*p - 563 - 637. What are the prime factors of p?
2, 3, 5
Suppose -2*j - 5*w = 46, -4*j = -2*w + 48 + 20. Let b be (-14)/(-21)*j/4. What are the prime factors of (-4 + (-10)/3)*b?
2, 11
Let u = -15 - -13. Let j be (3 - 2)/(u/30). What are the prime factors of (9/j)/(3/(-135))?
3
Suppose 0 = 3*i - 0*z + 5*z - 397, 4*i - 533 = -3*z. What are the prime factors of i?
2, 67
Let j = 1283 - 813. Let c = -278 + j. What are the prime factors of c?
2, 3
Let b(h) = 134*h + 2. Let z(f) = -403*f - 5. Let u(g) = 7*b(g) + 2*z(g). List the prime factors of u(1).
2, 17
Let z = -79 - -128. Suppose -7 + z = -j. Let c = -29 - j. List the prime factors of c.
13
Let i(t) be the first derivative of -t**4/24 + 8*t**3 + 7*t**2/2 - 5. Let j(x) be the second derivative of i(x). What are the prime factors of j(0)?
2, 3
Let q(k) = 9*k - 18. Let b = 15 - 7. List the prime factors of q(b).
2, 3
What are the prime factors of 2/6*3246/2?
541
Let g be (-72)/(-33) - ((-6)/(-11))/3. Suppose 4*k = -3*m + 2*m + 441, -4*m = g*k - 238. What are the prime factors of k?
109
Let m = -19 + 26. Suppose 336 = m*x - 3*x. What are the prime factors of x?
2, 3, 7
Suppose -3*v = -4*o + 9386, -3*v - 7043 = -3*o + v. What are the prime fa